) = -18*b - 47. Let l be m(-6). Let c = l - 58. Calculate the greatest common divisor of 12 and c.
3
Suppose 0 = 37*r - 367 + 34. What is the highest common divisor of 1467 and r?
9
Suppose 2*u - 3*h - 53 = 0, -2*u - 3*h = -3*u + 31. Suppose -4 = -2*w - 12. Let l = u - w. What is the greatest common divisor of 130 and l?
26
Suppose m - 62 = -5*w, -2*w + 2*m - 3 = -23. Suppose 0 = 3*s - 2*s - w. Calculate the greatest common divisor of s and 12.
12
Let t(z) = z**2 + 11*z + 31. Let g be t(-10). Suppose 3*k = b - g, -b + 21 + 3 = -4*k. Calculate the greatest common divisor of b and 18.
6
Suppose 0 = -8*q + 10*q. Suppose -s + 4*k + q*k = -72, 3*k - 141 = -3*s. Suppose c + 0*c = s. What is the highest common factor of 13 and c?
13
Let o be ((-544)/(-10))/(3*(-5)/(-75)). Calculate the greatest common divisor of 17 and o.
17
Suppose -7*s + 9*s + 16 = 0. Let h be ((-7)/s)/7 + 2223/72. Calculate the greatest common divisor of 124 and h.
31
Suppose -3*y = -2*y - 46. Suppose -3*g - 7*f + y = -2*f, 4*f = -g + 6. Suppose z = g + 17. Calculate the greatest common factor of 13 and z.
13
Suppose -3*l + 4*q = -872, 2*l + 3*q - 508 = 62. Calculate the greatest common divisor of 18 and l.
18
Suppose -136 = -3*i - d, 41 + 31 = i - 5*d. Let o = i + -37. Let q = -1 + o. What is the greatest common divisor of 18 and q?
9
Suppose -4*i - 5*l + 80 = 0, 4*i + 4*l + 0*l - 84 = 0. Let x be 42/4 - (14/4 - 3). Calculate the greatest common factor of x and i.
5
Let o be -3 + (0 - -9) - -1. Let q(f) = -f - 2*f**2 - 4*f**2 + f**3 - 1 - 4*f. Let v be q(o). Calculate the greatest common divisor of v and 13.
13
Suppose -15*m - 3393 = -24*m. Calculate the greatest common factor of m and 26.
13
Suppose 0 = 2*f + 5*h - 110, -29 = -f + 4*h. Suppose -44*s = -f*s + 3. Suppose -2*k = -2*z - 42, z + 4*z = 0. Calculate the greatest common factor of s and k.
3
Let g(b) = -b**3 - 2*b**2 - b + 60. Let c be g(0). Suppose 9*a + a = c. Calculate the highest common divisor of 66 and a.
6
Suppose 16*l + 4*l - 60 = 0. Let v = -4 - -3. Let t be 35 - ((-3)/v - 1). Calculate the greatest common factor of l and t.
3
Let t(s) = 34*s + 38. Let l be t(-4). Let c = l + 143. What is the greatest common factor of c and 5?
5
Suppose 4*y - 240 = -4*h, 16*y - 11*y - 2*h = 314. Calculate the greatest common factor of 186 and y.
62
Suppose 21 = -5*f + 76. Let x = f + -11. Suppose m - 3*n = 64, 0 = -x*n - 2*n - 6. What is the highest common divisor of 22 and m?
11
Suppose 3*b - 5*n + 75 = 180, -3*b + 93 = -n. Suppose i = -l - 0 + 6, 2*l = -5*i + b. What is the greatest common factor of 30 and i?
6
Let b = 408 + -317. Calculate the highest common divisor of b and 1.
1
Let k(v) = v**3 + 40*v**2 + 89*v + 50. Let d be k(-37). What is the highest common factor of d and 64?
32
Suppose -2*i - 2*s = -3*s - 29, 0 = s + 1. Suppose 0 = 2*o - 4 - i. Calculate the greatest common factor of 18 and o.
9
Let i(w) be the first derivative of -33*w**2/2 + w - 18. Let g be i(-3). Calculate the highest common divisor of g and 40.
20
Suppose 496 = 23*b - 125. Suppose -232 = -2*u + 200. Calculate the greatest common divisor of b and u.
27
Let n be -2 - 1 - (-5 + 51 + -2). Let s = 77 + n. Calculate the greatest common divisor of 150 and s.
30
Let o = 91 - 62. Let l = -25 + o. Calculate the highest common divisor of l and 4.
4
Let p(z) = -2*z + 5. Let x be p(-5). Let w be (1 - 2 - -3) + 0. Suppose -3*l + w*b - 1 = -2*b, -5*b = -4*l. Calculate the greatest common divisor of l and x.
5
Let b be (19/2)/((-30)/(-420)). Calculate the greatest common divisor of 19 and b.
19
Let y = -178 + 234. Calculate the highest common factor of y and 8.
8
Let o be (-1002)/10 - -2*3/30. Let w = o + 160. Calculate the highest common divisor of w and 12.
12
Suppose -495 = -20*m + 9*m. What is the highest common factor of 40 and m?
5
Let y(f) = 3*f**2 + 3*f - 2. Let l be y(7). Suppose 0 = -3*w - 5*h + l, -w + 0*h + 4*h = -44. Calculate the greatest common divisor of 13 and w.
13
Let b(p) = 21*p - 12. Let z be b(8). Let i be 1 + z/3 + -3. What is the highest common factor of i and 10?
10
Let q = 291 + -57. Let c = -6 + 9. Suppose r + q = c*r. Calculate the highest common factor of 13 and r.
13
Suppose 12 = -4*j, -4*j + 153 = 5*a - 0*j. Calculate the greatest common divisor of 12 and a.
3
Let r be -22*8/32*(-60)/2. Calculate the greatest common divisor of 375 and r.
15
Let r be (-1)/(1/(-1))*-5. Let p(w) = 5*w**2 - 4*w - 15. Let l be p(r). Calculate the greatest common factor of 10 and l.
10
Let b(f) = -3*f - 4. Suppose 16 + 8 = -4*t. Let a be b(t). What is the greatest common divisor of 42 and a?
14
Suppose -3*m + 110 = -1. Let j = m - 10. Suppose 12*q + 3*z = 13*q - 258, -5*z + 461 = 2*q. What is the highest common factor of q and j?
27
Let m(z) = -6*z + 3. Let p be ((-5)/(-10))/((-1)/(-2)). Let w be (p/2)/(1/(-2)). Let j be m(w). What is the greatest common divisor of j and 6?
3
Let a = 12 - 9. Suppose -a*t = q - 29, 0 = -5*t + 3*q + q + 37. Suppose 3*h + t - 54 = 0. Calculate the highest common factor of 45 and h.
15
Let i(c) = -4*c + 6. Suppose 25*d + 40 = 20*d. Let y be i(d). Let x = 86 + 9. Calculate the highest common factor of x and y.
19
Let i = 22 - 4. Let h(c) = 22*c + 2. Let z be h(1). What is the greatest common factor of i and z?
6
Let w(f) = f**3 - 9*f**2 - f + 9. Let h be w(9). Suppose h*r - 72 = 3*j - 3*r, -3*r = j + 24. Let u = 99 + j. What is the highest common factor of 30 and u?
15
Let t = -4 + 72. Let j = 128 - t. Suppose 0 = -k + 2*k - j. Calculate the highest common factor of k and 24.
12
Let h(s) = s**3 + 5*s**2 - 4. Let g be h(-3). Suppose 2*m - 206 = 46. What is the greatest common factor of g and m?
14
Suppose -2126 = -5*r - 1201. What is the greatest common divisor of r and 74?
37
Let a = 164 + -367. Let t = -118 - a. Suppose 0*b = 5*b - t. Calculate the greatest common divisor of b and 68.
17
Suppose -2 = g + 3*b, g - 2 = -2*g - b. Let s be -1 - g*(2 - 1). Let q be 1045/45 + s/9. Calculate the highest common divisor of q and 184.
23
Suppose -3*g - 3*c + 2*c + 2023 = 0, 2017 = 3*g + 4*c. What is the highest common factor of 108 and g?
27
Let o(y) = 2*y**3 - 4*y**2 + 4*y - 3. Let g be o(2). Let d(t) = -19*t - 2. Let f be d(-3). What is the highest common divisor of g and f?
5
Suppose g = -2*l - 1 - 3, -3*g + 3*l - 57 = 0. Let b be -3 + -1 + 0 - g. Calculate the greatest common divisor of b and 70.
10
Let p = -16 - -26. Let i = -4 + p. Suppose 45 = 5*m - 5*v, 2*v = -m - m + i. Calculate the greatest common divisor of m and 48.
6
Let h be (-2)/6 - 20/30. Let g be h + 4 + 1*66. Let z = 3 + g. Calculate the greatest common divisor of z and 12.
12
Let f = -2 - -3. Let k = 1328 - 1327. Calculate the greatest common factor of f and k.
1
Suppose -13*u + 12*u + 56 = 0. Let q = 74 - u. What is the greatest common divisor of 2 and q?
2
Let a = 119 - 208. Let q = -50 - a. Calculate the greatest common divisor of q and 312.
39
Let j(k) = k**2 + 30*k + 226. Let a be j(-17). What is the greatest common divisor of 55 and a?
5
Let z = 14 - 27. Let g = z - -24. Let f = 833 - 789. Calculate the highest common factor of g and f.
11
Let p be (0/(-1))/(-8 + 6). Suppose p = 13*f - 5*f - 1280. What is the greatest common factor of f and 32?
32
Suppose -14*f = -12*f - 624. Calculate the highest common factor of f and 24.
24
Let i be (-2)/8 + (-3)/(-12). Suppose -x + 3 + 11 = i. Let c be (-3 - (-15)/(-2))/((-12)/64). Calculate the greatest common factor of x and c.
14
Let q be 56/(-4)*2/4. Let n = 13 + q. Suppose 2*w + 5*y = 9, 2*w = w - 3*y + 3. What is the greatest common divisor of w and n?
6
Suppose -120088 - 9709 = -53*i. Calculate the greatest common factor of 31 and i.
31
Let c = -375 + 48. Let b be c/(-13) + 16/(-104). Calculate the greatest common factor of 10 and b.
5
Suppose 3*u - 23 = -4*c + 3*c, 5*u - 2*c = 42. Let z(l) = l**3 - 2*l**2 - 18*l + 20. Let j be z(6). What is the highest common factor of u and j?
8
Let o = 33 + -26. Let g = -8 - -13. Suppose 0 = t - 2 - g. Calculate the highest common factor of t and o.
7
Let x(l) = 25*l**2 + 8*l + 15. Let h be x(-3). Suppose -188 = -5*t + v - 4*v, 4*v + h = 5*t. What is the greatest common factor of t and 10?
10
Suppose 2*v + 0*u - 150 = 5*u, 0 = -4*v - 2*u + 276. Suppose 50 = 2*d + 2*f, 4*f - 3